{"id":864,"date":"2023-01-24T15:05:25","date_gmt":"2023-01-24T14:05:25","guid":{"rendered":"https:\/\/dev.everpress.everapps.dev\/?page_id=864"},"modified":"2025-08-25T10:47:48","modified_gmt":"2025-08-25T08:47:48","slug":"startseite-2","status":"publish","type":"page","link":"https:\/\/www.massivmoebelreichert.com\/produkte\/","title":{"rendered":"Startseite"},"content":{"rendered":"\n\t<div class=\"ep-content-dynamic  bg-light space \"><div class=\"row   default-start default-top\"><h1 class=\"col align-left\">Tische \/ Sitzb\u00e4nke aus Massivholz  <span class=\"subline\">Familienbetrieb mit Leidenschaft seit 2003<\/span><\/h1><div class=\"col small-6 large-4 giant-5 \"><p>Massiv M\u00f6bel Reichert steht seit 2003 f\u00fcr handverlesene Qualit\u00e4t und pers\u00f6nliche Beratung im M\u00f6belhandel. Der in Bad Staffelstein ans\u00e4ssige Familienbetrieb beliefert sowohl Unternehmen als auch Privatpersonen in ganz Deutschland. Das Sortiment umfass<strong>t hochwertige Holzm\u00f6bel, darunter individuell gefertigte Tische und B\u00e4nke<\/strong>, robuste Gestelle sowie passende Pflegeprodukte.<\/p>\n<\/div><div class=\"col small-6 large-4 giant-5 \"><p>Kunden haben die M\u00f6glichkeit, <strong>einzelne Komponenten wie Tischplatten oder Untergestelle separat zu w\u00e4hlen<\/strong> oder sich f\u00fcr vollst\u00e4ndige M\u00f6belst\u00fccke zu entscheiden. Die ma\u00dfgeschneiderten L\u00f6sungen richten sich ganz nach den Vorstellungen und Anforderungen der Kundschaft. Jedes M\u00f6belst\u00fcck vereint Funktionalit\u00e4t mit charakterstarkem Design. Antworten auf h\u00e4ufig gestellte Fragen finden Sie <strong>in unserem FAQ-Bereich<\/strong>.<\/p>\n<div class=\"buttonContainer\"><a class=\"btn \" href=\"\/produkte\/product-category\/tische\/\" title=\"Tisch konfigurieren\" >Tisch konfigurieren<\/a><\/div><\/div><\/div><\/div>\n\t\n\n\n<div class=\"ep-products-teaser  bg-medium space\">\n<div class=\"row\">\n\n\t\n\t<div class=\"col ep-title-container\"><h2>Unsere aktuellen Produkte &#8211;  <span class=\"subline\">werden Sie jetzt f\u00fcndig<\/span><\/h2><a title=\"Baumtisch Wildeiche | Massiv M\u00f6bel Reichert\" class=\"btn weight-bold icon icon-after-arrow-right margin-bottom\" target=\"_self\" href=\"https:\/\/www.massivmoebelreichert.com\/produkte\/product\/baumtisch-wildeiche-naturkante\/\">Baumtisch Wildeiche<\/a><\/div>\n\n\t<div class=\"col\">\n\t\t<ul class=\"ep-teaser-tiles products margin-bottom  catalog\"><li class=\"product type-product post-6227 status-publish first instock product_cat-baenke has-post-thumbnail shipping-taxable purchasable product-type-variable\">\n\t<a title=\"B\u00e4nke Wildeiche | Massiv M\u00f6bel Reichert\" href=\"https:\/\/www.massivmoebelreichert.com\/produkte\/product\/banke-wildeiche\/\" class=\"woocommerce-LoopProduct-link woocommerce-loop-product__link\" aria-label=\"Produkt \u00f6ffnen \u2013 B\u00e4nke Wildeiche\" data-tooltip=\"focus\"><\/a><img loading=\"lazy\" decoding=\"async\" width=\"300\" height=\"265\" src=\"https:\/\/www.massivmoebelreichert.com\/produkte\/wp-content\/uploads\/2025\/07\/bank-300x265.png\" class=\"attachment-woocommerce_thumbnail size-woocommerce_thumbnail\" alt=\"B\u00e4nke Wildeiche\" \/><h2 class=\"woocommerce-loop-product__title\">B\u00e4nke Wildeiche<\/h2>\n\n<div class=\"product-info-container\"><\/div><div class=\"mark-container\"><mark class=\"mark-link\"><a href=\"https:\/\/www.massivmoebelreichert.com\/produkte\/product-category\/baenke\/\" title=\"Gehe zu B\u00e4nke\">B\u00e4nke<\/a><\/mark><\/div><a class=\"btn\" tabindex=\"0\" title=\"Zur Wunschliste hinzuf\u00fcgen\" data-text-add=\"Zur Wunschliste hinzuf\u00fcgen\" data-text-remove=\"Entfernen\" data-wishlist=\"6227\">Zur Wunschliste hinzuf\u00fcgen<\/a>\n\n\n\n\n\n<a href=\"https:\/\/www.massivmoebelreichert.com\/produkte\/product\/banke-wildeiche\/\" aria-describedby=\"woocommerce_loop_add_to_cart_link_describedby_6227\" data-quantity=\"1\" class=\"button product_type_variable add_to_cart_button\" data-product_id=\"6227\" data-product_sku=\"\" aria-label=\"W\u00e4hle Optionen f\u00fcr \u201eB\u00e4nke Wildeiche\u201c\" rel=\"nofollow\" data-product-name=\"B\u00e4nke Wildeiche\" title=\"Variante ausw\u00e4hlen\">Variante ausw\u00e4hlen<\/a>\t<span id=\"woocommerce_loop_add_to_cart_link_describedby_6227\" class=\"screen-reader-text\">\n\t\tDieses Produkt weist mehrere Varianten auf. Die Optionen k\u00f6nnen auf der Produktseite gew\u00e4hlt werden\t<\/span>\n<\/li>\n<li class=\"product type-product post-6278 status-publish instock product_cat-tische has-post-thumbnail shipping-taxable purchasable product-type-variable\">\n\t<a title=\"Esstisch Ausziehbar &quot;Lukas&quot; Schweizer Kante\" href=\"https:\/\/www.massivmoebelreichert.com\/produkte\/product\/esstisch-ausziehbar-lukas-schweizer-kante\/\" class=\"woocommerce-LoopProduct-link woocommerce-loop-product__link\" aria-label=\"Produkt \u00f6ffnen \u2013 Esstisch Ausziehbar &#8222;Lukas&#8220; Schweizer Kante\" data-tooltip=\"focus\"><\/a><img loading=\"lazy\" decoding=\"async\" width=\"300\" height=\"300\" src=\"https:\/\/www.massivmoebelreichert.com\/produkte\/wp-content\/uploads\/2025\/07\/lukas-tisch-300x300.png\" class=\"attachment-woocommerce_thumbnail size-woocommerce_thumbnail\" alt=\"Esstisch Ausziehbar &quot;Lukas&quot; Schweizer Kante\" srcset=\"https:\/\/www.massivmoebelreichert.com\/produkte\/wp-content\/uploads\/2025\/07\/lukas-tisch-300x300.png 300w, https:\/\/www.massivmoebelreichert.com\/produkte\/wp-content\/uploads\/2025\/07\/lukas-tisch-150x150.png 150w, https:\/\/www.massivmoebelreichert.com\/produkte\/wp-content\/uploads\/2025\/07\/lukas-tisch-100x100.png 100w\" sizes=\"auto, (max-width: 300px) 100vw, 300px\" \/><h2 class=\"woocommerce-loop-product__title\">Esstisch Ausziehbar &#8222;Lukas&#8220; Schweizer Kante<\/h2>\n\n<div class=\"product-info-container\"><\/div><div class=\"mark-container\"><mark class=\"mark-link\"><a href=\"https:\/\/www.massivmoebelreichert.com\/produkte\/product-category\/tische\/\" title=\"Gehe zu Tische\">Tische<\/a><\/mark><\/div><a class=\"btn\" tabindex=\"0\" title=\"Zur Wunschliste hinzuf\u00fcgen\" data-text-add=\"Zur Wunschliste hinzuf\u00fcgen\" data-text-remove=\"Entfernen\" data-wishlist=\"6278\">Zur Wunschliste hinzuf\u00fcgen<\/a>\n\n\n\n\n\n<a href=\"https:\/\/www.massivmoebelreichert.com\/produkte\/product\/esstisch-ausziehbar-lukas-schweizer-kante\/\" aria-describedby=\"woocommerce_loop_add_to_cart_link_describedby_6278\" data-quantity=\"1\" class=\"button product_type_variable add_to_cart_button\" data-product_id=\"6278\" data-product_sku=\"\" aria-label=\"W\u00e4hle Optionen f\u00fcr \u201eEsstisch Ausziehbar &quot;Lukas&quot; Schweizer Kante\u201c\" rel=\"nofollow\" data-product-name=\"Esstisch Ausziehbar &quot;Lukas&quot; Schweizer Kante\" title=\"Variante ausw\u00e4hlen\">Variante ausw\u00e4hlen<\/a>\t<span id=\"woocommerce_loop_add_to_cart_link_describedby_6278\" class=\"screen-reader-text\">\n\t\tDieses Produkt weist mehrere Varianten auf. Die Optionen k\u00f6nnen auf der Produktseite gew\u00e4hlt werden\t<\/span>\n<\/li>\n<li class=\"product type-product post-6262 status-publish instock product_cat-tische has-post-thumbnail shipping-taxable purchasable product-type-variable\">\n\t<a title=\"Couchtisch | Massiv M\u00f6bel Reichert\" href=\"https:\/\/www.massivmoebelreichert.com\/produkte\/product\/couchtisch\/\" class=\"woocommerce-LoopProduct-link woocommerce-loop-product__link\" aria-label=\"Produkt \u00f6ffnen \u2013 Couchtisch Eiche massiv\" data-tooltip=\"focus\"><\/a><img loading=\"lazy\" decoding=\"async\" width=\"300\" height=\"300\" src=\"https:\/\/www.massivmoebelreichert.com\/produkte\/wp-content\/uploads\/2025\/07\/couchtisch-300x300.avif\" class=\"attachment-woocommerce_thumbnail size-woocommerce_thumbnail\" alt=\"Couchtisch Eiche massiv\" srcset=\"https:\/\/www.massivmoebelreichert.com\/produkte\/wp-content\/uploads\/2025\/07\/couchtisch-300x300.avif 300w, https:\/\/www.massivmoebelreichert.com\/produkte\/wp-content\/uploads\/2025\/07\/couchtisch-150x150.avif 150w, https:\/\/www.massivmoebelreichert.com\/produkte\/wp-content\/uploads\/2025\/07\/couchtisch-100x100.avif 100w\" sizes=\"auto, (max-width: 300px) 100vw, 300px\" \/><h2 class=\"woocommerce-loop-product__title\">Couchtisch Eiche massiv<\/h2>\n\n<div class=\"product-info-container\"><\/div><div class=\"mark-container\"><mark class=\"mark-link\"><a href=\"https:\/\/www.massivmoebelreichert.com\/produkte\/product-category\/tische\/\" title=\"Gehe zu Tische\">Tische<\/a><\/mark><\/div><a class=\"btn\" tabindex=\"0\" title=\"Zur Wunschliste hinzuf\u00fcgen\" data-text-add=\"Zur Wunschliste hinzuf\u00fcgen\" data-text-remove=\"Entfernen\" data-wishlist=\"6262\">Zur Wunschliste hinzuf\u00fcgen<\/a>\n\n\n\n\n\n<a href=\"https:\/\/www.massivmoebelreichert.com\/produkte\/product\/couchtisch\/\" aria-describedby=\"woocommerce_loop_add_to_cart_link_describedby_6262\" data-quantity=\"1\" class=\"button product_type_variable add_to_cart_button\" data-product_id=\"6262\" data-product_sku=\"\" aria-label=\"W\u00e4hle Optionen f\u00fcr \u201eCouchtisch Eiche massiv\u201c\" rel=\"nofollow\" data-product-name=\"Couchtisch Eiche massiv\" title=\"Variante ausw\u00e4hlen\">Variante ausw\u00e4hlen<\/a>\t<span id=\"woocommerce_loop_add_to_cart_link_describedby_6262\" class=\"screen-reader-text\">\n\t\tDieses Produkt weist mehrere Varianten auf. Die Optionen k\u00f6nnen auf der Produktseite gew\u00e4hlt werden\t<\/span>\n<\/li>\n<li class=\"product type-product post-6155 status-publish instock product_cat-tische has-post-thumbnail featured shipping-taxable purchasable product-type-simple\">\n\t<a title=\"Baumtisch Wildeiche | Massiv M\u00f6bel Reichert\" href=\"https:\/\/www.massivmoebelreichert.com\/produkte\/product\/baumtisch-wildeiche-naturkante\/\" class=\"woocommerce-LoopProduct-link woocommerce-loop-product__link\" aria-label=\"Produkt \u00f6ffnen \u2013 Baumtisch Wildeiche\" data-tooltip=\"focus\"><\/a><img loading=\"lazy\" decoding=\"async\" width=\"300\" height=\"300\" src=\"https:\/\/www.massivmoebelreichert.com\/produkte\/wp-content\/uploads\/2025\/06\/eiche-platte-baumkante-300x300.png\" class=\"attachment-woocommerce_thumbnail size-woocommerce_thumbnail\" alt=\"Baumtisch Wildeiche\" srcset=\"https:\/\/www.massivmoebelreichert.com\/produkte\/wp-content\/uploads\/2025\/06\/eiche-platte-baumkante-300x300.png 300w, https:\/\/www.massivmoebelreichert.com\/produkte\/wp-content\/uploads\/2025\/06\/eiche-platte-baumkante-150x150.png 150w, https:\/\/www.massivmoebelreichert.com\/produkte\/wp-content\/uploads\/2025\/06\/eiche-platte-baumkante-100x100.png 100w\" sizes=\"auto, (max-width: 300px) 100vw, 300px\" \/><h2 class=\"woocommerce-loop-product__title\">Baumtisch Wildeiche<\/h2>\n\n<div class=\"product-info-container\"><\/div><div class=\"mark-container\"><mark class=\"mark-link\"><a href=\"https:\/\/www.massivmoebelreichert.com\/produkte\/product-category\/tische\/\" title=\"Gehe zu Tische\">Tische<\/a><\/mark><\/div><a class=\"btn\" tabindex=\"0\" title=\"Zur Wunschliste hinzuf\u00fcgen\" data-text-add=\"Zur Wunschliste hinzuf\u00fcgen\" data-text-remove=\"Entfernen\" data-wishlist=\"6155\">Zur Wunschliste hinzuf\u00fcgen<\/a>\n\n\n\n\n\n<a href=\"https:\/\/www.massivmoebelreichert.com\/produkte\/product\/baumtisch-wildeiche-naturkante\/\" aria-describedby=\"woocommerce_loop_add_to_cart_link_describedby_6155\" data-quantity=\"1\" class=\"button product_type_simple add_to_cart_button\" data-product_id=\"6155\" data-product_sku=\"\" aria-label=\"In den Warenkorb legen: \u201eBaumtisch Wildeiche\u201c\" rel=\"nofollow\" data-success_message=\"\u201eBaumtisch Wildeiche\u201c wurde deinem Warenkorb hinzugef\u00fcgt\" data-product-name=\"Baumtisch Wildeiche\" title=\"Zur Anfrageliste hinzuf\u00fcgen\">Zur Anfrageliste hinzuf\u00fcgen<\/a>\t<span id=\"woocommerce_loop_add_to_cart_link_describedby_6155\" class=\"screen-reader-text\">\n\t\t\t<\/span>\n<\/li>\n<\/ul><\/div>\n\n<\/div>\n<\/div>\n\n\t\n\n\n\t\n\n\t<div class=\"ep-block-categories-teaser ep-kategorie-teaser bg-dark space\">\n\t\t<div class=\"row\">\n\n\t\t\t\n\t\t\t<div class=\"col ep-title-container\"><h2>Unsere Produktkategorien  <span class=\"subline\"><\/span><\/h2><a title=\"Massivholzm\u00f6bel kaufen | Shop Reichert M\u00f6bel\" class=\"btn weight-bold icon icon-after-arrow-right margin-bottom\" target=\"_self\" href=\"https:\/\/www.massivmoebelreichert.com\/produkte\/kategorien\/\">Alle Kategorien ansehen<\/a><\/div>\n\t\n\t\t\t\t\t\t\t<div class=\"col\">\n\t\t\t\t\t\t\t\t\t<\/div>\n\t\t\t\t\n\t\t<\/div>\n\t<\/div>\n\n\t","protected":false},"excerpt":{"rendered":"","protected":false},"author":1,"featured_media":0,"parent":0,"menu_order":0,"comment_status":"closed","ping_status":"closed","template":"","meta":{"_acf_changed":false,"footnotes":""},"class_list":["post-864","page","type-page","status-publish","hentry"],"acf":[],"_links":{"self":[{"href":"https:\/\/www.massivmoebelreichert.com\/produkte\/wp-json\/wp\/v2\/pages\/864","targetHints":{"allow":["GET"]}}],"collection":[{"href":"https:\/\/www.massivmoebelreichert.com\/produkte\/wp-json\/wp\/v2\/pages"}],"about":[{"href":"https:\/\/www.massivmoebelreichert.com\/produkte\/wp-json\/wp\/v2\/types\/page"}],"author":[{"embeddable":true,"href":"https:\/\/www.massivmoebelreichert.com\/produkte\/wp-json\/wp\/v2\/users\/1"}],"replies":[{"embeddable":true,"href":"https:\/\/www.massivmoebelreichert.com\/produkte\/wp-json\/wp\/v2\/comments?post=864"}],"version-history":[{"count":4,"href":"https:\/\/www.massivmoebelreichert.com\/produkte\/wp-json\/wp\/v2\/pages\/864\/revisions"}],"predecessor-version":[{"id":6824,"href":"https:\/\/www.massivmoebelreichert.com\/produkte\/wp-json\/wp\/v2\/pages\/864\/revisions\/6824"}],"wp:attachment":[{"href":"https:\/\/www.massivmoebelreichert.com\/produkte\/wp-json\/wp\/v2\/media?parent=864"}],"curies":[{"name":"wp","href":"https:\/\/api.w.org\/{rel}","templated":true}]}}